
Calculate the remainder when 664137 is divided by 206.
199
Calculate the remainder when 1062744 is divided by 132817.
208
Calculate the remainder when 45128 is divided by 66.
50
Calculate the remainder when 261498156 is divided by 39.
36
What is the remainder when 1108430 is divided by 3876?
3770
What is the remainder when 2231033 is divided by 202820?
13
Calculate the remainder when 873260 is divided by 174635.
85
Calculate the remainder when 25241628 is divided by 2493.
3
Calculate the remainder when 20383011 is divided by 422.
411
Calculate the remainder when 13770864 is divided by 3442713.
12
Calculate the remainder when 7413886 is divided by 2471294.
4
What is the remainder when 92889544 is divided by 343?
342
Calculate the remainder when 3402261 is divided by 81006.
9
Calculate the remainder when 81084 is divided by 80988.
96
Calculate the remainder when 17962935 is divided by 27.
24
Calculate the remainder when 35220665 is divided by 530.
45
What is the remainder when 4952232 is divided by 6032?
5992
Calculate the remainder when 596715 is divided by 39771.
150
Calculate the remainder when 67507865 is divided by 17.
15
What is the remainder when 463100888 is divided by 10309?
10299
Calculate the remainder when 126292 is divided by 19.
18
Calculate the remainder when 3107524 is divided by 27.
13
Calculate the remainder when 64232477 is divided by 65.
62
Calculate the remainder when 3098 is divided by 832.
602
Calculate the remainder when 10410511 is divided by 2602605.
91
What is the remainder when 24168424 is divided by 25?
24
Calculate the remainder when 87329 is divided by 3698.
2275
Calculate the remainder when 808859 is divided by 4215.
3794
What is the remainder when 32934423 is divided by 11?
5
Calculate the remainder when 2121212 is divided by 490.
2
What is the remainder when 6281418 is divided by 205?
13
Calculate the remainder when 29743 is divided by 3639.
631
Calculate the remainder when 5528421 is divided by 258.
255
Calculate the remainder when 617 is divided by 264.
89
Calculate the remainder when 1756653 is divided by 37.
4
Calculate the remainder when 442647 is divided by 48.
39
Calculate the remainder when 116248 is divided by 4469.
54
Calculate the remainder when 862664 is divided by 5528.
296
What is the remainder when 304452 is divided by 4910?
32
What is the remainder when 960015 is divided by 239959?
179
What is the remainder when 17871 is divided by 2222?
95
Calculate the remainder when 9024262 is divided by 17.
16
Calculate the remainder when 185328 is divided by 185285.
43
What is the remainder when 5454 is divided by 584?
198
Calculate the remainder when 200763049 is divided by 12547690.
9
What is the remainder when 584551047 is divided by 50?
47
Calculate the remainder when 2503820 is divided by 834586.
62
Calculate the remainder when 773236 is divided by 375.
361
Calculate the remainder when 287670 is divided by 2057.
1747
Calculate the remainder when 13162723 is divided by 113.
31
Calculate the remainder when 5622262 is divided by 632.
622
What is the remainder when 5076421 is divided by 1692131?
28
Calculate the remainder when 4001232 is divided by 150.
132
What is the remainder when 531494321 is divided by 91?
85
What is the remainder when 1050578 is divided by 706?
50
Calculate the remainder when 527132 is divided by 289.
285
What is the remainder when 137378 is divided by 16905?
2138
Calculate the remainder when 353085 is divided by 245.
40
What is the remainder when 24025454 is divided by 16?
14
What is the remainder when 13001238 is divided by 90?
18
What is the remainder when 304851 is divided by 75789?
1695
What is the remainder when 16476804 is divided by 89?
56
What is the remainder when 71368 is divided by 21421?
7105
What is the remainder when 31564207 is divided by 306?
1
What is the remainder when 7986638 is divided by 166388?
14
What is the remainder when 5703066 is divided by 573?
570
Calculate the remainder when 5085796 is divided by 246.
238
What is the remainder when 193901 is divided by 503?
246
What is the remainder when 2728611 is divided by 573?
558
What is the remainder when 531370050 is divided by 649?
2
What is the remainder when 1417208 is divided by 4598?
1024
What is the remainder when 55158 is divided by 10537?
2473
Calculate the remainder when 47398462 is divided by 1267.
1259
Calculate the remainder when 136367436 is divided by 3215.
3211
Calculate the remainder when 1058395 is divided by 1440.
1435
Calculate the remainder when 296242 is divided by 147849.
544
Calculate the remainder when 23126 is divided by 3305.
3296
What is the remainder when 141426 is divided by 120?
66
What is the remainder when 54235 is divided by 2148?
535
Calculate the remainder when 3947181 is divided by 18.
15
What is the remainder when 60699 is divided by 6105?
5754
What is the remainder when 906384 is divided by 193?
56
What is the remainder when 7494837 is divided by 31?
29
Calculate the remainder when 24067006 is divided by 508.
506
What is the remainder when 377224 is divided by 18860?
24
Calculate the remainder when 2876575 is divided by 355.
10
What is the remainder when 174824765 is divided by 389?
385
What is the remainder when 2701821 is divided by 782?
11
What is the remainder when 52703722 is divided by 37?
34
Calculate the remainder when 118967538 is divided by 957.
954
What is the remainder when 60844 is divided by 5037?
400
Calculate the remainder when 119511849 is divided by 122.
39
What is the remainder when 6743343 is divided by 160555?
33
Calculate the remainder when 679536 is divided by 4951.
1249
What is the remainder when 752156 is divided by 496?
220
What is the remainder when 1190839 is divided by 9182?
6361
Calculate the remainder when 1567140 is divided by 583.
36
Calculate the remainder when 56828 is divided by 268.
12
Calculate the remainder when 171594928 is divided by 1065.
1063
Calculate the remainder when 146328 is divided by 401.
364
Calculate the remainder when 262433 is divided by 1526.
1487
Calculate the remainder when 4691119 is divided by 4691114.
5
What is the remainder when 5655759 is divided by 3123?
6
What is the remainder when 407752 is divided by 203713?
326
What is the remainder when 5031601 is divided by 314461?
225
What is the remainder when 719113 is divided by 4172?
1529
What is the remainder when 7414066 is divided by 62?
44
What is the remainder when 2426288 is divided by 666?
50
What is the remainder when 65330464 is divided by 82?
80
What is the remainder when 12043933 is divided by 281?
273
Calculate the remainder when 1666834 is divided by 68.
18
What is the remainder when 125634 is divided by 7746?
1698
Calculate the remainder when 128961091 is divided by 636.
7
Calculate the remainder when 40733213 is divided by 1692.
5
Calculate the remainder when 4603040 is divided by 11391.
1076
What is the remainder when 85956 is divided by 1622?
1612
What is the remainder when 746179367 is divided by 408?
407
Calculate the remainder when 875120 is divided by 7177.
6703
Calculate the remainder when 11068031 is divided by 192.
191
What is the remainder when 1189284 is divided by 14304?
2052
Calculate the remainder when 641406 is divided by 128041.
1201
What is the remainder when 735415 is divided by 595?
590
What is the remainder when 3186762 is divided by 27954?
6
Calculate the remainder when 30669820 is divided by 52879.
0
Calculate the remainder when 339246 is divided by 1874.
52
Calculate the remainder when 148103718 is divided by 745.
698
Calculate the remainder when 39977 is divided by 3068.
93
What is the remainder when 77858065 is divided by 39683?
19
Calculate the remainder when 306873 is divided by 4871.
0
What is the remainder when 7660443 is divided by 39?
24
What is the remainder when 848567 is divided by 848306?
261
Calculate the remainder when 18483 is divided by 4577.
175
Calculate the remainder when 177360635 is divided by 64.
59
Calculate the remainder when 1110895 is divided by 1972.
659
What is the remainder when 1070134 is divided by 6332?
26
Calculate the remainder when 28083503 is divided by 7042.
7
Calculate the remainder when 1206806 is divided by 394.
378
Calculate the remainder when 1600583 is divided by 7621.
173
Calculate t